240/48 + (-12)/9?
7
Let l be ((-233)/(-3) - -1) + 124/(-186). What is the units digit of ((-33)/(-6))/(3/l)?
3
Suppose -3*f = -n - 15300, 9*f = 5*f - 4*n + 20400. What is the units digit of f?
0
Suppose 0 = -j + 2*g - 2, 9*j - 6*j - 2*g - 6 = 0. Suppose -2*m - o + 895 = 0, 445 = m + j*o - o. What is the units digit of m?
8
What is the thousands digit of (-5 - -2)*(-12 - -2 - 3001)?
9
Suppose -10*r = -1596 + 516. Let s = r + 249. What is the units digit of s?
7
Suppose 0 = m - 3*i + 710, 3*m + 2*i + 2159 = -26. Let o = -451 - m. What is the tens digit of o?
7
Let w(a) be the third derivative of -29*a**4/8 + 5*a**3/3 + 2*a**2. Let s be w(-6). Suppose -2*g + s = 5*g. What is the units digit of g?
6
Suppose 7*y + 1976 = -936. What is the hundreds digit of ((-924)/88)/(6/y)?
7
Suppose 117*z - 200666 - 221704 = 0. What is the units digit of z?
0
Suppose -30*t - b = -29*t + 41, 0 = -3*t + 4*b - 109. Let w(x) = 91*x**3 + x**2 - x + 1. Let z be w(1). Let q = z + t. What is the units digit of q?
3
Let x be (4/3 + -1)/(10/(-60)). Let o(f) = 5*f**2 - f + 1. Let l be o(x). Let b = 0 + l. What is the units digit of b?
3
Suppose l = m - 9, -m = -2 - 3. Let r be (-4)/10*(l - 1). Let v = 94 - r. What is the units digit of v?
2
Let l = 411 + -290. Suppose -14*n + l = -13*n. What is the units digit of n?
1
Suppose 16*l - 7*l = 135. Suppose 10*g = l + 15. What is the units digit of g?
3
Let u(c) = 3*c**3 + 34*c**2 + 15*c + 35. Let r be u(-11). What is the units digit of r*5/15*-309?
7
Let s = 5947 - 3612. What is the thousands digit of s?
2
What is the tens digit of 7926 + (-3 + 0 + -6)*2/(-6)?
2
Let r = -733 - -775. What is the hundreds digit of 3330/21*r/(-72)*-8?
7
Suppose -58315 + 311255 = 10*i. What is the units digit of i?
4
Suppose -x = 2*a - 28, 0*x = 2*a + 4*x - 40. Suppose 0 = -a*c + 2*c + 10. What is the units digit of 37 - (4 + -1 + c)?
3
Let h(j) = 9*j**2 - 50. Let v(c) = -5*c**2 + 25. Let a(m) = -4*h(m) - 7*v(m). Let g be a(-5). Suppose g = -6*d - d + 840. What is the tens digit of d?
2
Let t = -3940 + 11868. What is the tens digit of t?
2
Let x(d) be the first derivative of -d**4/4 + 2*d**3/3 + d**2/2 + 287*d - 14. What is the tens digit of x(0)?
8
Suppose 3*t - r = 4*r - 10, 5*r - 30 = -t. Suppose 5*c = t*s + 2455, 25 - 37 = -3*s. What is the hundreds digit of c?
4
Let d(w) be the second derivative of -w**5/10 - 7*w**4/12 - w**3 + 9*w**2 + 25*w. Let q be d(-5). Let g = q + 116. What is the units digit of g?
9
Let h = 135 + -87. Let o = 112 - h. What is the tens digit of o?
6
What is the units digit of 490455/90 - 3/2?
8
Suppose 0 = 133*k - 667243 - 3685049. What is the ten thousands digit of k?
3
Let g(h) = -11*h**3 - 3*h**2 - 15*h - 69. What is the hundreds digit of g(-4)?
6
Let w(y) be the third derivative of y**5/60 + y**4/8 + y**3/3 + 27*y**2. Let n be w(-2). Suppose n = -6*v - 0*v + 360. What is the tens digit of v?
6
Let u be -168*((-9)/6 - 3). Let y = 2262 - u. What is the tens digit of y?
0
Suppose 0 = -l - 0*l + 2*f + 23, -5*f - 20 = 0. Let d(j) = -12*j - l - 5*j + 8*j - 15. What is the tens digit of d(-7)?
3
Let i(n) = -14*n**2 + 4*n. Let f be i(4). What is the hundreds digit of (633/4)/((-78)/f) - -2?
4
Let v(k) = -2*k**2 + 2*k + 3. Let n be v(5). Let m be (132/55)/((-1588)/400 - -4). Let y = n + m. What is the units digit of y?
3
Suppose -4*a + 6639 + 2341 = p, 3*p + 4476 = 2*a. Suppose 4*k - a = 1140. Suppose -2*j = -5*t + 849, 4*t = -t + 3*j + k. What is the units digit of t?
1
Let n(p) be the second derivative of p**3/6 + 3*p**2 + 12*p. Let j be n(6). What is the units digit of -142*(j/8)/(-3)?
1
Let p = 58386 - 33330. What is the thousands digit of p?
5
Suppose -5*a - 955*n + 960*n + 82565 = 0, -a = 4*n - 16533. What is the hundreds digit of a?
5
What is the tens digit of -46*((-66)/(-16) - 4)*-2468?
9
Let k(q) = 122*q**2 + 234*q - 7. What is the tens digit of k(-9)?
6
Let o(q) be the third derivative of q**6/40 - q**5/10 + q**4/6 - 5*q**3/6 - 12*q**2. Let c be o(4). Let d = -57 + c. What is the tens digit of d?
5
What is the units digit of -5 + ((-202513)/(-23) - 40/(-460))?
0
Suppose -360*n + 749*n = 362*n + 988875. What is the tens digit of n?
2
Suppose 3*s = 352 + 65. Let f = 298 + s. What is the tens digit of f?
3
Let b(i) = -13*i - 34. Let u = -28 - -131. Suppose -7*s - 16 = u. What is the tens digit of b(s)?
8
Suppose 2*c + 102 = 3*c - 4*s, -5*c + 2*s = -420. Let q = 241 - c. What is the hundreds digit of q?
1
Suppose -4*b = 12*b - 1200. Let s = b - -262. What is the hundreds digit of s?
3
Let t be ((-2)/(-6))/((-155)/(-30) - 5). Let l(i) = 14*i**t + 4 - 9*i - 20 - i**3 - 2*i + 0. What is the units digit of l(13)?
0
Let z = -296 + 421. Suppose 0 = 2*n - z - 755. Suppose 166 = -0*k + 2*k - 3*f, -5*f = 5*k - n. What is the tens digit of k?
8
Suppose -5*v = -n + 12, -2*v + v + 8 = 5*n. Let f be -3 - -5 - v - -1. Let o(s) = 3*s**2 + 2*s + 1. What is the tens digit of o(f)?
8
Suppose 17*h - 239555 = -25*h + 367891. What is the tens digit of h?
6
Let l(h) = -546*h + 932. What is the hundreds digit of l(-35)?
0
Let g = 62 - 45. Let f(v) = -127 - g*v - 122 + 259. What is the tens digit of f(-5)?
9
Let d be -10*(5 + (-27)/6) - -4. What is the tens digit of ((-23)/d)/((-6)/(-108))?
1
Let y(n) = 122*n**2 + 3*n - 2. Let i be y(3). Let z = i - 698. What is the tens digit of z?
0
Suppose 0*q = 10*q + 9640. Let k = q + 1606. What is the tens digit of k?
4
Let d(p) = 24*p**2 - 18*p - 3. Let a be d(-3). Suppose 0 = 2*f - 5*o - 726 + a, 0 = 2*f + 5*o - 449. What is the hundreds digit of f?
2
Let w(u) = -244*u - 236. Let z(g) = 17*g - 157. Let x be z(9). What is the hundreds digit of w(x)?
7
Suppose 5*l + 25 = 0, 13*p - 9*p + 3*l + 7 = 0. Suppose 5*a = -p*a + 1141. What is the units digit of a?
3
Suppose 4*v - 3 + 11 = 0. Let n be (v - 0)/(3 + -1). Let p(a) = 77*a**2 - a - 1. What is the units digit of p(n)?
7
Let j = -311 + 818. Suppose -3*v - 8*r + 499 = -3*r, -3*r - j = -3*v. Suppose -x = -4*x + v. What is the units digit of x?
6
Suppose 11*k - 4*o = 8*k + 53, 5*k = -2*o + 45. Let p(f) = -f**2 + 11*f + 1. Let u be p(k). What is the tens digit of (-1)/(-1)*(u - (1 - 67))?
6
Suppose -2946*s = -2918*s - 249984. What is the tens digit of s?
2
What is the tens digit of 1/((-3)/(-9))*5107/3?
0
Suppose 74*r - 59*r = 22725. Let z = -1059 + r. What is the hundreds digit of z?
4
Let h be 3543/6 - (-12)/8. What is the units digit of (2 + -3)*(-5 - h)?
7
Suppose -3*c + 28 = -2*d + 1, -5*c + 70 = -5*d. Suppose 9*i - 6*i - 3 = 0. What is the tens digit of 60/d*(i + 0 + -59)?
3
Suppose 11743389 = -4539*u + 4686*u. What is the thousands digit of u?
9
Suppose -3*w + 5*z - 170 = 0, -3*z + 2*z - 242 = 4*w. Let y be (-4)/(w/257) + (-2)/15. Suppose 1 = 2*b - y. What is the units digit of b?
9
Suppose 7*w - 12 - 2 = 0. Suppose 24 = -w*x - 102. What is the units digit of 48/(-21) - -2 - 9405/x?
9
Let k(u) = 217*u**3 - 5*u**2 - 7*u + 5. Let d(c) = 217*c**3 - 4*c**2 - 6*c + 3. Let b(m) = -3*d(m) + 2*k(m). What is the units digit of b(-1)?
6
Let i(q) = q + 7. Let l be i(-7). Let d = 2000 - 1944. Suppose d*j - 52*j - 344 = l. What is the units digit of j?
6
Let u(v) = -45*v + 24. Let g(z) = -136*z + 73. Let o(j) = -6*g(j) + 17*u(j). Let d be o(15). What is the units digit of (1/(-1 - -2))/(5/d)?
7
Let q = -1737 - -3355. What is the units digit of q?
8
Let i be (2 + 52/3)/(2/(-6)). Let l = i + 58. Suppose l*o + q + 386 = 3*o, -q - 514 = -4*o. What is the hundreds digit of o?
1
Suppose 0 = 2*z - 4*f - 2140, -2*z + 226*f = 231*f - 2140. What is the units digit of z?
0
Let n(v) = -10*v**2 + v + 2. Let m be n(-1). Let p be (-4)/(-6)*m/(-2). Suppose -p*r = o - 727, 2*r + 3*o + 25 = 512. What is the units digit of r?
2
Let y(r) = -r**2 + 18*r - 42. Let n be y(15). Let f(s) = -15*s**2 + 10*s - 2. Let m be f(n). Let l = m + 131. What is the tens digit of l?
2
Let k(j) be the first derivative of j**3/3 + 11*j**2/2 - 17*j - 38. Let u be k(-12). What is the units digit of (2/u*-5)/((-2)/(-253))?
3
Suppose 4*a - a = o - 32278, 4*a = 2*o - 64566. What is the thousands digit of o?
2
Let k be 2 - (15/(-45))/((-1)/(-51)). Suppose 16*y = k*y + 4*a - 1121, a = -y + 373. What is the tens digit of y?
7
Suppose 78*w - 302*w + 2455712 = 0. What is the ten thousands digit of w?
1
Let n